[INFO] fetching crate exonum-merkledb 1.0.0...
[INFO] checking exonum-merkledb-1.0.0 against try#72f88fc4e9458f89516a0b8b0868f3718aec5b47 for pr-74989
[INFO] extracting crate exonum-merkledb 1.0.0 into /workspace/builds/worker-2/source
[INFO] validating manifest of crates.io crate exonum-merkledb 1.0.0 on toolchain 72f88fc4e9458f89516a0b8b0868f3718aec5b47
[INFO] running `Command { std: "/workspace/cargo-home/bin/cargo" "+72f88fc4e9458f89516a0b8b0868f3718aec5b47" "read-manifest" "--manifest-path" "Cargo.toml", kill_on_drop: false }`
[INFO] started tweaking crates.io crate exonum-merkledb 1.0.0
[INFO] finished tweaking crates.io crate exonum-merkledb 1.0.0
[INFO] tweaked toml for crates.io crate exonum-merkledb 1.0.0 written to /workspace/builds/worker-2/source/Cargo.toml
[INFO] crate crates.io crate exonum-merkledb 1.0.0 already has a lockfile, it will not be regenerated
[INFO] running `Command { std: "/workspace/cargo-home/bin/cargo" "+72f88fc4e9458f89516a0b8b0868f3718aec5b47" "fetch" "--locked" "--manifest-path" "Cargo.toml", kill_on_drop: false }`
[INFO] [stderr]  Downloading crates ...
[INFO] [stderr]   Downloaded proptest v0.9.5
[INFO] running `Command { std: "docker" "create" "-v" "/var/lib/crater-agent-workspace/builds/worker-2/target:/opt/rustwide/target:rw,Z" "-v" "/var/lib/crater-agent-workspace/builds/worker-2/source:/opt/rustwide/workdir:ro,Z" "-v" "/var/lib/crater-agent-workspace/cargo-home:/opt/rustwide/cargo-home:ro,Z" "-v" "/var/lib/crater-agent-workspace/rustup-home:/opt/rustwide/rustup-home:ro,Z" "-e" "SOURCE_DIR=/opt/rustwide/workdir" "-e" "CARGO_TARGET_DIR=/opt/rustwide/target" "-e" "CARGO_HOME=/opt/rustwide/cargo-home" "-e" "RUSTUP_HOME=/opt/rustwide/rustup-home" "-w" "/opt/rustwide/workdir" "-m" "1610612736" "--user" "0:0" "--network" "none" "rustops/crates-build-env@sha256:d92eaeed33fa75130ca1ee6c8a01d1ffb62bac859dfdfb3450e3e5d1c0146529" "/opt/rustwide/cargo-home/bin/cargo" "+72f88fc4e9458f89516a0b8b0868f3718aec5b47" "metadata" "--no-deps" "--format-version=1", kill_on_drop: false }`
[INFO] [stdout] 41fdde3eb7b47fcc75d3594182713c1b3bd1fe8f8adb87052bdc3e4e81a56842
[INFO] [stderr] WARNING: Your kernel does not support swap limit capabilities or the cgroup is not mounted. Memory limited without swap.
[INFO] running `Command { std: "docker" "start" "-a" "41fdde3eb7b47fcc75d3594182713c1b3bd1fe8f8adb87052bdc3e4e81a56842", kill_on_drop: false }`
[INFO] running `Command { std: "docker" "inspect" "41fdde3eb7b47fcc75d3594182713c1b3bd1fe8f8adb87052bdc3e4e81a56842", kill_on_drop: false }`
[INFO] running `Command { std: "docker" "rm" "-f" "41fdde3eb7b47fcc75d3594182713c1b3bd1fe8f8adb87052bdc3e4e81a56842", kill_on_drop: false }`
[INFO] [stdout] 41fdde3eb7b47fcc75d3594182713c1b3bd1fe8f8adb87052bdc3e4e81a56842
[INFO] running `Command { std: "docker" "create" "-v" "/var/lib/crater-agent-workspace/builds/worker-2/target:/opt/rustwide/target:rw,Z" "-v" "/var/lib/crater-agent-workspace/builds/worker-2/source:/opt/rustwide/workdir:ro,Z" "-v" "/var/lib/crater-agent-workspace/cargo-home:/opt/rustwide/cargo-home:ro,Z" "-v" "/var/lib/crater-agent-workspace/rustup-home:/opt/rustwide/rustup-home:ro,Z" "-e" "SOURCE_DIR=/opt/rustwide/workdir" "-e" "CARGO_TARGET_DIR=/opt/rustwide/target" "-e" "CARGO_INCREMENTAL=0" "-e" "RUST_BACKTRACE=full" "-e" "RUSTFLAGS=--cap-lints=forbid" "-e" "CARGO_HOME=/opt/rustwide/cargo-home" "-e" "RUSTUP_HOME=/opt/rustwide/rustup-home" "-w" "/opt/rustwide/workdir" "-m" "1610612736" "--user" "0:0" "--network" "none" "rustops/crates-build-env@sha256:d92eaeed33fa75130ca1ee6c8a01d1ffb62bac859dfdfb3450e3e5d1c0146529" "/opt/rustwide/cargo-home/bin/cargo" "+72f88fc4e9458f89516a0b8b0868f3718aec5b47" "check" "--frozen" "--all" "--all-targets" "--message-format=json", kill_on_drop: false }`
[INFO] [stdout] 44e605f8771084611331be6cd17ee4a09e97141ed1594a28296cd94089565297
[INFO] [stderr] WARNING: Your kernel does not support swap limit capabilities or the cgroup is not mounted. Memory limited without swap.
[INFO] running `Command { std: "docker" "start" "-a" "44e605f8771084611331be6cd17ee4a09e97141ed1594a28296cd94089565297", kill_on_drop: false }`
[INFO] [stderr]    Compiling serde v1.0.105
[INFO] [stderr]    Compiling syn v1.0.17
[INFO] [stderr]     Checking rand_core v0.4.2
[INFO] [stderr]    Compiling autocfg v0.1.7
[INFO] [stderr]    Compiling regex-syntax v0.6.17
[INFO] [stderr]     Checking either v1.5.3
[INFO] [stderr]    Compiling rayon-core v1.7.0
[INFO] [stderr]     Checking bit-vec v0.5.1
[INFO] [stderr]     Checking oorandom v11.1.0
[INFO] [stderr]     Checking assert_matches v1.3.0
[INFO] [stderr]     Checking modifier v0.1.0
[INFO] [stderr]    Compiling rustc_version v0.2.3
[INFO] [stderr]     Checking wait-timeout v0.2.0
[INFO] [stderr]     Checking csv-core v0.1.10
[INFO] [stderr]     Checking regex-automata v0.1.9
[INFO] [stderr]     Checking plotters v0.2.12
[INFO] [stderr]    Compiling rand_chacha v0.2.2
[INFO] [stderr]     Checking itertools v0.8.2
[INFO] [stderr]     Checking rand_xorshift v0.2.0
[INFO] [stderr]     Checking rand_core v0.3.1
[INFO] [stderr]     Checking rand_jitter v0.1.4
[INFO] [stderr]     Checking rand_os v0.1.3
[INFO] [stderr]     Checking bit-set v0.5.1
[INFO] [stderr]     Checking rand_xorshift v0.1.1
[INFO] [stderr]     Checking rand_hc v0.1.0
[INFO] [stderr]     Checking rand_isaac v0.1.1
[INFO] [stderr]     Checking rand v0.7.3
[INFO] [stderr]    Compiling cast v0.2.3
[INFO] [stderr]    Compiling rand_pcg v0.1.2
[INFO] [stderr]    Compiling rand_chacha v0.1.1
[INFO] [stderr]    Compiling rand v0.6.5
[INFO] [stderr]     Checking rayon v1.3.0
[INFO] [stderr]     Checking criterion-plot v0.4.1
[INFO] [stderr]     Checking tempfile v3.1.0
[INFO] [stderr]     Checking uuid v0.8.1
[INFO] [stderr]     Checking rusty-fork v0.2.2
[INFO] [stderr]    Compiling regex v1.3.6
[INFO] [stderr]     Checking proptest v0.9.5
[INFO] [stderr]    Compiling env_logger v0.7.1
[INFO] [stderr]    Compiling bindgen v0.53.2
[INFO] [stderr]     Checking base64-serde v0.5.0
[INFO] [stderr]     Checking chrono v0.4.11
[INFO] [stderr]     Checking exonum_sodiumoxide v0.0.23
[INFO] [stderr]     Checking bstr v0.2.12
[INFO] [stderr]     Checking serde_json v1.0.50
[INFO] [stderr]     Checking rust_decimal v1.4.0
[INFO] [stderr]     Checking bincode v1.2.1
[INFO] [stderr]     Checking csv v1.1.3
[INFO] [stderr]     Checking tinytemplate v1.0.3
[INFO] [stderr]    Compiling darling_core v0.10.2
[INFO] [stderr]    Compiling serde_derive v1.0.105
[INFO] [stderr]    Compiling thiserror-impl v1.0.14
[INFO] [stderr]    Compiling ctor v0.1.13
[INFO] [stderr]    Compiling darling_macro v0.10.2
[INFO] [stderr]     Checking thiserror v1.0.14
[INFO] [stderr]    Compiling darling v0.10.2
[INFO] [stderr]    Compiling exonum-derive v1.0.0
[INFO] [stderr]    Compiling librocksdb-sys v6.6.4
[INFO] [stderr]    Compiling protobuf v2.12.0
[INFO] [stderr]     Checking criterion v0.3.1
[INFO] [stderr] error: could not compile `protobuf`.
[INFO] [stderr] 
[INFO] [stderr] Caused by:
[INFO] [stderr]   process didn't exit successfully: `rustc --crate-name protobuf /opt/rustwide/cargo-home/registry/src/github.com-1ecc6299db9ec823/protobuf-2.12.0/src/lib.rs --error-format=json --json=diagnostic-rendered-ansi,artifacts --crate-type lib --emit=dep-info,metadata,link -C embed-bitcode=no -C debuginfo=2 --cfg 'feature="serde"' --cfg 'feature="serde_derive"' --cfg 'feature="with-serde"' -C metadata=80eee1ee77f48a51 -C extra-filename=-80eee1ee77f48a51 --out-dir /opt/rustwide/target/debug/deps -L dependency=/opt/rustwide/target/debug/deps --extern serde=/opt/rustwide/target/debug/deps/libserde-83017fde71b7d501.rmeta --extern serde_derive=/opt/rustwide/target/debug/deps/libserde_derive-8084faada11146c3.so --cap-lints allow --cap-lints=forbid --cfg rustc_nightly` (signal: 9, SIGKILL: kill)
[INFO] [stderr] warning: build failed, waiting for other jobs to finish...
[INFO] [stderr] The following warnings were emitted during compilation:
[INFO] [stderr] 
[INFO] [stderr] warning: c++: fatal error: Killed signal terminated program cc1plus
[INFO] [stderr] warning: compilation terminated.
[INFO] [stderr] warning: c++: fatal error: Killed signal terminated program cc1plus
[INFO] [stderr] warning: compilation terminated.
[INFO] [stderr] warning: c++: fatal error: Killed signal terminated program cc1plus
[INFO] [stderr] warning: compilation terminated.
[INFO] [stderr] warning: c++: fatal error: Killed signal terminated program cc1plus
[INFO] [stderr] warning: compilation terminated.
[INFO] [stderr] warning: c++: fatal error: Killed signal terminated program cc1plus
[INFO] [stderr] warning: compilation terminated.
[INFO] [stderr] warning: c++: fatal error: Killed signal terminated program cc1plus
[INFO] [stderr] warning: compilation terminated.
[INFO] [stderr] warning: c++: fatal error: Killed signal terminated program cc1plus
[INFO] [stderr] warning: compilation terminated.
[INFO] [stderr] warning: c++: fatal error: Killed signal terminated program cc1plus
[INFO] [stderr] warning: compilation terminated.
[INFO] [stderr] warning: c++: fatal error: Killed signal terminated program cc1plus
[INFO] [stderr] warning: compilation terminated.
[INFO] [stderr] warning: c++: fatal error: Killed signal terminated program cc1plus
[INFO] [stderr] warning: compilation terminated.
[INFO] [stderr] warning: c++: fatal error: Killed signal terminated program cc1plus
[INFO] [stderr] warning: compilation terminated.
[INFO] [stderr] 
[INFO] [stderr] error: build failed
[INFO] running `Command { std: "docker" "inspect" "44e605f8771084611331be6cd17ee4a09e97141ed1594a28296cd94089565297", kill_on_drop: false }`
[INFO] running `Command { std: "docker" "rm" "-f" "44e605f8771084611331be6cd17ee4a09e97141ed1594a28296cd94089565297", kill_on_drop: false }`
[INFO] [stdout] 44e605f8771084611331be6cd17ee4a09e97141ed1594a28296cd94089565297
